= -g - 3. Let k(p) = 42*p**2 - 57*p - 57. Let r be k(-1). What is the greatest common divisor of r and a?
6
Suppose -4*n + 1260 = -0*n. Suppose -5*f - 35 = -n. Let j be (-2)/4*-1*14. What is the greatest common divisor of f and j?
7
Suppose 0 = -2*z + c + 1840 + 165, 3*z - 5*c = 2990. What is the greatest common divisor of z and 15?
15
Let b = 50 + -30. Let i be 59/3 - 8/12. Let c = 29 - i. Calculate the greatest common factor of b and c.
10
Let g be (-2)/(4/(-6)) - (152 + 2). Let n = g - -225. Calculate the highest common factor of n and 185.
37
Suppose -z - 6 = -3*z. Suppose w + 3*w - 64 = -z*f, -3*w + f + 48 = 0. What is the highest common divisor of w and 176?
16
Let g(s) = 5*s**2 - 1. Let y be g(1). Let h = y - -42. Calculate the highest common divisor of h and 23.
23
Let x be (26/(-15) - 26/(-65))*-165. Calculate the greatest common divisor of 40 and x.
20
Let g = 209 + -205. Calculate the highest common divisor of 12 and g.
4
Suppose 0 = -4*o + 58 - 18. Let f(z) = -24*z**3 + 1. Let t be f(-1). Calculate the greatest common factor of o and t.
5
Suppose 4*l = -5*p - 44 - 30, 3*p - 4*l = -38. Let f = -2 + p. Let r be 3 - (1 - (3 - f)). Calculate the greatest common factor of r and 189.
21
Suppose -x = 5*i - 20 - 8, 20 = 5*i + 5*x. Calculate the greatest common factor of i and 2.
2
Let m be -4 - 1/((24/(-6))/24). Calculate the highest common divisor of m and 78.
2
Let u(h) = 25*h + 72. Let i be u(12). What is the highest common factor of i and 12?
12
Suppose 0 = -8*r + 6*r + 72. Let n be 1/(-7) - 1690/(-70). Calculate the highest common factor of n and r.
12
Let k = 13766 - 13736. Suppose 0*t + 240 = t. What is the greatest common divisor of t and k?
30
Let w be 1 + ((-32)/(-24))/(2/132). Let z = w + -80. What is the greatest common factor of 72 and z?
9
Let w(y) = -17*y - 5. Let g be w(-4). Let d(l) = -2*l + 14. Let q be d(-5). Let x be (23 - q)*-7*1. Calculate the greatest common divisor of x and g.
7
Suppose -3*d - 29 = -5*w, 3*d - 33 = -4*w + 1. Let y(l) = 23*l - 44. Let o be y(w). Calculate the greatest common factor of 9 and o.
9
Let i = -4925 - -7785. Calculate the highest common factor of i and 52.
52
Suppose -5*h - 17*n = -14*n - 9, 3*h - 2*n - 13 = 0. What is the highest common factor of 47 and h?
1
Let x(s) be the first derivative of s**2 - 8*s - 5. Let b be x(6). Suppose 7*n - 3*n = b. What is the greatest common factor of n and 11?
1
Let n(i) = -35*i + 7. Let j be n(-7). Calculate the highest common divisor of j and 56.
28
Let a be ((-620)/40)/((-4)/88). Let g = 84 + -53. Calculate the highest common divisor of g and a.
31
Let i = -650 + 682. What is the highest common divisor of i and 112?
16
Let m be -3 - ((-2)/5 - (-56)/(-10)). Suppose -56 = -y - m*r, 4*r = 5*r + 3. Calculate the highest common divisor of y and 52.
13
Let t = -31 + 33. Suppose -t*b = -11 - 1. Suppose 861 = y + b*y. Calculate the greatest common factor of y and 82.
41
Let t = 219 - 210. Suppose 3*m + 498 = 5*q, -q - 3*m + 294 = 2*q. Calculate the greatest common factor of q and t.
9
Suppose -9*y = 3*y - 768. Suppose 9*j = 325 - y. Calculate the greatest common factor of 29 and j.
29
Suppose 0*b + b + 4*d - 20 = 0, -5*b = -4*d - 4. Suppose -7*i = -130 + b. What is the highest common divisor of 9 and i?
9
Suppose -3*f = x - 1238, -2*f = 2*x - 4*f - 2492. Calculate the highest common divisor of x and 4.
4
Suppose -15*x + 18*x + 3*o = 69, -2*x + 40 = -4*o. Calculate the highest common divisor of 6 and x.
2
Suppose 0 = 4*k, 20*k = 3*u + 18*k - 24. What is the highest common factor of u and 48?
8
Suppose 23*g - 16*g = 427. Suppose -g*i + 65*i - 176 = 0. What is the greatest common divisor of i and 11?
11
Let o(j) = -j**3 - 7*j**2 + 9*j - 27. Let x(y) = -y**2 + 3*y + 1. Let i be x(5). Let c be o(i). Calculate the highest common factor of 18 and c.
18
Let j(w) = w**3 + 2*w**2 - 2*w - 1. Let c be j(2). What is the highest common factor of c and 11?
11
Let b = 43 + -75. Let x = b - -50. Suppose 5*g + 36 = 4*p, 3*p - p - x = 2*g. What is the highest common factor of p and 9?
9
Let z be (0 - 4) + (7812/7 - -13). Calculate the greatest common divisor of z and 75.
75
Let f(t) = t**2 + 20*t - 4. Let p be f(18). What is the highest common factor of 40 and p?
40
Let i(a) = 12*a + 28. Let c(q) = -q - 1. Let t(z) = -10*c(z) - i(z). Let o be t(-11). Calculate the greatest common divisor of 10 and o.
2
Let s be (-6)/2 - (-8 + 0). Let j(i) = 2*i**2 - 6*i - 7. Let n be j(s). Let h be (2704/(-312))/(-1 + 28/30). Calculate the highest common divisor of h and n.
13
Suppose 0 = 10*n - 12*n + 18. Let c = 7 - 4. What is the highest common divisor of c and n?
3
Suppose 0 = 2*k - 0*k - 56. Let j = -25 + k. Calculate the greatest common factor of 3 and j.
3
Let i be ((-2)/3)/(3/(-18)). Let u be (150/(-35))/((-55)/462). What is the highest common factor of i and u?
4
Let r(j) = 6*j**3 + 16*j**2 - 7*j**3 + 4*j**2 + 20*j - 15 - 2*j**2. Let s be r(19). What is the highest common divisor of s and 36?
4
Let l be (176/24)/(4/42). Let f(s) = s**2 - 6*s + 5. Let b be f(9). Let u be b/80 + 53/5. Calculate the greatest common factor of u and l.
11
Suppose 15*s - p = 12*s + 591, 201 = s + p. Calculate the greatest common factor of 2 and s.
2
Let b be -2 - (-3)/(9/(-834)). Let z be b/(-6)*(-6 - -3). Let h be 2/14 + z/(-49). Calculate the greatest common factor of h and 9.
3
Suppose -a - 40 = -9*a. What is the greatest common factor of a and 160?
5
Let r(w) = -w**2 + 3*w + 2. Let f be r(7). Let v = 34 - f. Suppose 3*h = -4*i + 52, -4*h - h + 98 = i. Calculate the greatest common divisor of v and h.
20
Let d(l) = -2*l**2 + 26*l - 34. Let f be d(10). Calculate the greatest common factor of 65 and f.
13
Let q = -47 - -51. Let z be (3/5 - 0) + 187/55. Calculate the greatest common divisor of q and z.
4
Let t = 142 + -13. What is the highest common divisor of 172 and t?
43
Let h(o) be the first derivative of o**4/4 - 5*o**3 - 8*o**2 + 7*o - 10. Let u be h(16). What is the greatest common factor of 77 and u?
7
Let s(r) = 39*r + 1. Let i = -15 - -19. Suppose -i = -2*v - 2. Let l be s(v). Calculate the greatest common divisor of 20 and l.
20
Let l be 5 + -5 + (2 - 0). Suppose 0*h + l*h = 14. Let c be h - 3 - (0 - -1). Calculate the greatest common factor of 27 and c.
3
Suppose 4*j - 127 = -5*i, -5*j + 149 = -6*i + 9*i. What is the highest common factor of 91 and j?
7
Let o be (-90)/4 - (-9)/18. Let t = o - -15. Let n = 5 - t. What is the highest common divisor of 4 and n?
4
Let m = 29 - 38. Let v = m + 11. Suppose s - 1 = 3*o, -o = v*s + 3*o - 2. What is the greatest common factor of 5 and s?
1
Let z(p) = 54*p - 10. Let a be z(2). Calculate the highest common factor of a and 28.
14
Let r(t) = -2*t**2 - 39*t - 115. Let s be r(-14). Calculate the greatest common divisor of 33 and s.
3
Let a be 2/(-14) - (-6)/(-7)*1. Let w be (-5 - a) + 2 - -184. Calculate the highest common divisor of 26 and w.
26
Let s(o) = 7*o**2 - 103*o + 1. Let c be s(27). Calculate the highest common divisor of 23 and c.
23
Let g = 20 - 16. Suppose -4*a - g = 0, 3*a - 20 = -r + 5*a. What is the highest common factor of r and 180?
18
Let j = 18 - 35. Let o be 238/j + (-4)/(-2). Let t = o - -42. Calculate the highest common divisor of 20 and t.
10
Suppose 0 = x + 2*x - 4*j - 97, 5*x - 5*j = 165. Let b be (30/8)/((-3)/12). Let q be (-34)/51*b/2. What is the highest common divisor of x and q?
5
Let x be 6 + 12/(-6)*(-177)/6. Calculate the highest common factor of 26 and x.
13
Suppose 2*h - 336 = -5*j - h, 273 = 4*j + h. Calculate the greatest common factor of 1173 and j.
69
Let g(l) = -l**3 - 2*l**2 + 23*l + 8. Let f be g(-8). What is the greatest common divisor of f and 48?
16
Suppose 2*b + 3*s - 597 = 0, -150 - 442 = -2*b + 2*s. Suppose 0 = -5*d + 135 + 30. Calculate the greatest common factor of d and b.
33
Let o = 81 + -84. Let x be 9*(-10)/(-270) - 209/o. Suppose 28 = -0*u + u. Calculate the highest common factor of x and u.
14
Suppose t + 0*k = 5*k - 3, -2*k - 31 = -5*t. What is the highest common factor of t and 112?
7
Suppose 6*f - 325 = 923. Suppose 3*p + 3*g + g = 66, p = 4*g + 38. What is the greatest common divisor of f and p?
26
Suppose -3*s = -27 + 9. Suppose -s*b = -b - 120. Let v be -10*(39/(-15) - (3 + -5)). Calculate the hi